{"version":"1.0","provider_name":"Debreceni Nagyerd\u0151\u00e9rt Egyes\u00fclet","provider_url":"https:\/\/nagyerdoert.cafeblog.hu","author_name":"Debreceni Nagyerd\u0151\u00e9rt Egyes\u00fclet","author_url":"https:\/\/nagyerdoert.cafeblog.hu\/author\/debreceni_nagyerdoert_egyesulet\/","title":"Strand ut\u00e1ni vigalmak","html":"<p><a href=\"https:\/\/nagyerdoert.cafeblog.hu\/files\/2016\/05\/palma-presszo.jpg\"><img class=\"alignleft size-medium wp-image-41\" src=\"https:\/\/nagyerdoert.cafeblog.hu\/files\/2016\/05\/palma-presszo-300x174.jpg\" alt=\"palma-presszo\" width=\"300\" height=\"174\" \/><\/a>El\u0151z\u0151 visszaeml\u00e9kez\u00e9seimben a r\u00e9gi j\u00f3 Nagyerdei Strandr\u00f3l ejtettem n\u00e9h\u00e1ny sz\u00f3t, most viszont arr\u00f3l \u00edrn\u00e9k, hov\u00e1 is ment\u00fcnk sokszor \u2013 k\u00fcl\u00f6n\u00f6sen h\u00e9t v\u00e9g\u00e9n \u2013 amikor, sokszor csapatostul elhagytuk a medenc\u00e9k vil\u00e1g\u00e1t.<\/p>\r\n<p><strong>K\u00e9t sz\u00f3rakoz\u00f3hely is k\u00edn\u00e1lta mag\u00e1t a napoz\u00e1sban \u00e9s \u00fasz\u00e1sban elf\u00e1radt ifj\u00fas\u00e1gnak.<\/strong> Az els\u0151 r\u00f6gt\u00f6n a R\u00e9gi \u2013 k\u00e9s\u0151bb pedig a Cs\u00f3nak\u00e1z\u00f3 t\u00f3 melletti \u00daj \u2013 Vigad\u00f3, \u00e9s kiss\u00e9 t\u00e1volabb a P\u00e1lma Eszpressz\u00f3. A P\u00e1lma egy\u00e9bk\u00e9nt a kedvenc hely\u00fcnk volt, m\u00e1skor is felkerest\u00fck, nem csup\u00e1n a strandr\u00f3l hazafel\u00e9 menet. Eml\u00e9kszem, amikor elballagtunk a Bethlenb\u0151l - 1967-ben \u2013 els\u0151 utunk ide vezetett. Igen kellemes, kultur\u00e1lt hely volt, udvarias kiszolg\u00e1l\u00e1ssal - ez a mai napig is \u00edgy van egy\u00e9bk\u00e9nt, \u00e1m ami m\u00e1r sajnos nemigen t\u00e9r vissza, az az \u00e9l\u0151zene var\u00e1zsa. Akkoriban egy zongora, egy dob, egy git\u00e1r, s egy \u00e9nekes m\u00e1r el\u00e9g volt a j\u00f3 hangulathoz. A t\u00e1nczene hallatszott a teraszon is, ahol ugyancsak telt h\u00e1z volt sz\u00e9p ny\u00e1ri est\u00e9ken.<!--more--><\/p>\r\n<p><strong>Eml\u00e9kszem, egy alkalommal olyan sokan \u00f6sszegy\u0171lt\u00fcnk a bar\u00e1ti t\u00e1rsas\u00e1gb\u00f3l, hogy a terasz egyik asztal\u00e1n\u00e1l m\u00e1r nem f\u00e9rt\u00fcnk el<\/strong> mindny\u00e1jan, \u00edgy miut\u00e1n n\u00e9h\u00e1ny p\u00f3tsz\u00e9ket ker\u00edtett\u00fcnk, a fele \u201ebanda\u201d az asztal k\u00f6r\u00fcli m\u00e1sodik sorban tudott csak le\u00fclni. \u00c1ltal\u00e1ban a s\u00f6r \u00e9s a fagylalt fogyott legink\u00e1bb, s a kisz\u0171r\u0151d\u0151 zene hangjait\u00f3l sokszor mi is kedvet kaptunk az \u00e9nekl\u00e9shez, k\u00fcl\u00f6n\u00f6sen a Beatles egy\u00fcttes sz\u00e1mait, s a kor ismert magyar t\u00e1ncdalait r\u00e9szes\u00edtett\u00fck el\u0151nyben. \u00c9jf\u00e9l ut\u00e1n azt\u00e1n m\u00e1r k\u00eds\u00e9ret n\u00e9lk\u00fcl is \u00e9nekelt\u00fcnk. Volt ott minden: a Kisl\u00e1ny a zongor\u00e1n\u00e1l c\u00edm\u0171t\u0151l kezdve a Feh\u00e9r szikl\u00e1kig, v\u00e1logat\u00e1s n\u00e9lk\u00fcl mindent \u201evok\u00e1loztunk\u201d egym\u00e1snak.<\/p>\r\n<p><strong>Egyszer z\u00e1r\u00f3ra ut\u00e1n m\u00e9g nagyon nem akar\u00f3dzott egyik\u00fcnknek sem hazamenni,<\/strong> kital\u00e1ltuk h\u00e1t, hogy a P\u00e1lm\u00e1t\u00f3l versenyt futunk a R\u00e9gi Vigad\u00f3ig a s\u00e9t\u00e1nyon. Id\u0151nk\u00e9nt ugyan meg kellett \u00e1llnunk a r\u00f6h\u00f6g\u00e9s miatt, de v\u00e9g\u00fcl csak c\u00e9lhoz \u00e9rt\u00fcnk, \u00e9l\u00fcnk\u00f6n az akkor m\u00e9g Debrecenben \u00e9l\u0151, k\u00e9s\u0151bbi f\u0151v\u00e1rosi sz\u00edn\u00e9sszel, Heller Tam\u00e1ssal.\u00a0\u00a0 Ennek a fergeteges, \u00e9jszak\u00e1ba ny\u00fal\u00f3 est\u00e9nek azt\u00e1n sz\u00e1momra meglett a b\u00f6jtje, ugyanis mivel nem \u00e9rtem haza id\u0151ben, a sz\u00fcleim m\u00e1snap nem engedtek ki a strandra. Nagyon f\u00e1j\u00f3 b\u00fcntet\u00e9s volt\u2026<\/p>\r\n<p style=\"text-align: right\">Kenyeres Ilona<\/p>","type":"rich"}

Debreceni Nagyerdőért Egyesület

Strand utáni vigalmak

<p><a href="https://nagyerdoert.cafeblog.hu/files/2016/05/palma-presszo.jpg"><img class="alignleft size-medium wp-image-41" src="https://nagyerdoert.cafeblog.hu/files/2016/05/palma-presszo-300x174.jpg" alt="palma-presszo" width="300" height="174" /></a>Előző visszaemlékezéseimben a régi jó Nagyerdei Strandról ejtettem néhány szót, most viszont arról írnék, hová is mentünk sokszor – különösen hét végén – amikor, sokszor csapatostul elhagytuk a medencék világát.</p>
<p><strong>Két szórakozóhely is kínálta magát a napozásban és úszásban elfáradt ifjúságnak.</strong> Az első rögtön a Régi – később pedig a Csónakázó tó melletti Új – Vigadó, és kissé távolabb a Pálma Eszpresszó. A Pálma egyébként a kedvenc helyünk volt, máskor is felkerestük, nem csupán a strandról hazafelé menet. Emlékszem, amikor elballagtunk a Bethlenből - 1967-ben – első utunk ide vezetett. Igen kellemes, kulturált hely volt, udvarias kiszolgálással - ez a mai napig is így van egyébként, ám ami már sajnos nemigen tér vissza, az az élőzene varázsa. Akkoriban egy zongora, egy dob, egy gitár, s egy énekes már elég volt a jó hangulathoz. A tánczene hallatszott a teraszon is, ahol ugyancsak telt ház volt szép nyári estéken.<!--more--></p>
<p><strong>Emlékszem, egy alkalommal olyan sokan összegyűltünk a baráti társaságból, hogy a terasz egyik asztalánál már nem fértünk el</strong> mindnyájan, így miután néhány pótszéket kerítettünk, a fele „banda” az asztal körüli második sorban tudott csak leülni. Általában a sör és a fagylalt fogyott leginkább, s a kiszűrődő zene hangjaitól sokszor mi is kedvet kaptunk az énekléshez, különösen a Beatles együttes számait, s a kor ismert magyar táncdalait részesítettük előnyben. Éjfél után aztán már kíséret nélkül is énekeltünk. Volt ott minden: a Kislány a zongoránál címűtől kezdve a Fehér sziklákig, válogatás nélkül mindent „vokáloztunk” egymásnak.</p>
<p><strong>Egyszer záróra után még nagyon nem akaródzott egyikünknek sem hazamenni,</strong> kitaláltuk hát, hogy a Pálmától versenyt futunk a Régi Vigadóig a sétányon. Időnként ugyan meg kellett állnunk a röhögés miatt, de végül csak célhoz értünk, élünkön az akkor még Debrecenben élő, későbbi fővárosi színésszel, Heller Tamással.   Ennek a fergeteges, éjszakába nyúló estének aztán számomra meglett a böjtje, ugyanis mivel nem értem haza időben, a szüleim másnap nem engedtek ki a strandra. Nagyon fájó büntetés volt…</p>
<p style="text-align: right">Kenyeres Ilona</p>
